3*k - 1 + k**3 + 0*k. Give c(2).
13
Let h(z) = -16*z + 6 + z**2 - 16*z + 26*z. Suppose -5*v + 20 = -0*t - 3*t, -t - 7 = -2*v. Let w = v + 5. Determine h(w).
6
Let d(c) = -c - 1. Let i(m) = -4*m + 2. Let f(s) = -2*d(s) + i(s). Suppose -15*t = -12*t - 15. What is f(t)?
-6
Let s(f) = -f + 5. Suppose -7*w + 8*w - 7 = 0. Determine s(w).
-2
Let w(s) = s - 1. Let g(f) be the third derivative of f**4/12 + 3*f**3/2 + 2*f**2. Let d be g(-6). What is w(d)?
-4
Let s(z) = -12 + 6*z + z**2 + 0*z**2 + 17. Determine s(-4).
-3
Let g(n) = n + 3. Suppose j + 3*p - 3 = 0, 4 + 1 = -j + p. Let c(l) = -2*l - 4. Let x(z) = j*g(z) - 2*c(z). Give x(-5).
-6
Let w(h) = -11*h**3 - 15*h**2 + 2*h - 2. Let o(t) = -7*t**3 - 10*t**2 + t - 1. Let q(s) = 8*o(s) - 5*w(s). Suppose -2*k = -r - k, k = -3. Determine q(r).
-10
Let u(k) = 3 + 2 - 3*k + 0. Give u(6).
-13
Let t(o) be the second derivative of -o**4/4 + 2*o**3/3 - 3*o**2/2 - 13*o. What is t(2)?
-7
Let l be 50/(-20)*4/5. Let f be 2*(1 - 0)*l. Let a(r) = r - 3. Calculate a(f).
-7
Suppose -4*k + 24 = -4*p, k - 3*k + 3*p = -14. Let f(b) = -b**2 - b + 5. Calculate f(k).
-15
Let z(p) = -p + 0*p - 2 - 4*p. Suppose 8*s = -3*s - 22. What is z(s)?
8
Suppose 4*x - 15 - 9 = 0. Let q(a) be the third derivative of a**4/24 - a**3 - 2*a**2. Determine q(x).
0
Let d(j) be the first derivative of 3*j**2 - j + 15. Give d(4).
23
Let l(b) be the second derivative of 0*b**2 + 0 - 1/720*b**6 + 0*b**3 - 1/60*b**5 - 3*b - 1/12*b**4. Let a(q) be the third derivative of l(q). What is a(-4)?
2
Let y(j) = -6*j - 3. Let h(a) = -3*a - 2. Let u(o) = -5*h(o) + 2*y(o). What is u(-7)?
-17
Let i(s) = 2*s**2 + 9*s - 4. Let f(z) = 3*z**2 + 17*z - 8. Let g(h) = 3*f(h) - 5*i(h). Suppose 3*c = 3 + 12. Let l be c - 3 - (-2 - -1). What is g(l)?
5
Let b(l) be the first derivative of l**2 - 11*l + 1. Give b(8).
5
Let v(k) = -k**3 - 4*k**2 - k + 3. Suppose -x + 8 = -4*y, 16 = 10*x - 11*x - 4*y. Calculate v(x).
7
Let g(k) = -k**3 + 3*k**2 + k + 5. Let c be (3/(-2) - -1)*-2. Suppose 0 = 5*j - 8 + 23, -3*j = -4*p + 21. Suppose x = c + p. Calculate g(x).
-7
Let m(u) be the third derivative of -u**6/120 - u**5/12 - u**4/24 + u**3/3 + 29*u**2. What is m(-2)?
-8
Let x be 50/18 + (-8)/(-36). Let u(v) = -3*v - 12. Let r(n) = -2*n - 11. Let z(a) = x*u(a) - 4*r(a). What is z(-6)?
14
Suppose y - 5 = -2. Let k(g) = g**2 - 3*g. Let f(m) be the first derivative of 2*m**3/3 - 2*m**2 + 1. Let l(q) = y*k(q) - 2*f(q). What is l(2)?
-6
Let b(h) = h**3 + 6*h**2 - h. Let g be b(-6). Let x(m) = -g*m**2 + 2*m + 6*m**2 + 1 + m**2. Suppose 0 = -d - 4 + 2. Calculate x(d).
1
Let k(q) = -7 + 4*q - 4*q**2 - q**3 - 10*q - 2*q**2 + 0. Let m = -8 + 3. Determine k(m).
-2
Let p(q) = -q**3 - 4*q**2 + 4*q + 5. Let b be (-5)/(3/(-5 - -2)). Suppose 4*i = -2*g - 26, -4 - 16 = b*i. What is p(g)?
10
Let m(v) = -9*v**3 - 5 + 10*v**3 + 3*v - 6*v**2 + 2*v. Suppose -2*c = -4*i - 4 - 6, 0 = i + 1. Let p be 17/c + 4/(-6). Determine m(p).
-5
Let l(p) = -p + 8. Suppose 5*n - 9 = 26. Determine l(n).
1
Let u(t) = 28 - t + 4*t - 32. Calculate u(3).
5
Suppose -4*g + g + 6 = 0. Let y be ((-3)/(-1 - g))/1. Let r(a) = 4 + a - 2*a + y. Calculate r(4).
1
Let j be 1/(1 + 4/(-6)). Suppose -3*d = -0*d + 2*r - 10, 0 = -d - j*r + 8. Let t(n) be the first derivative of -n**2/2 - 2*n - 1. Give t(d).
-4
Suppose -2*x + 14 = -4*y - x, -x = 3*y + 7. Let n(m) be the second derivative of m - 1/3*m**3 + 0 - 1/2*m**2. Determine n(y).
5
Suppose 5*m + 5 = -5*x, -m - 7 = -0*x + 4*x. Let i(d) = -13*d**2 + 2*d - 1. Calculate i(m).
-12
Let p(s) = 14*s + 77. Let f be p(-6). Let g(b) = -3*b + 6. Give g(f).
27
Let f(l) = 3*l**2 + 8*l - l**2 + 1 - 2*l - l**3. Let w(y) = -y**3 + y**2 + 5*y. Let j be 4/10 - 54/10. Let x(m) = j*w(m) + 4*f(m). What is x(-3)?
7
Let j(t) be the second derivative of -t**4/12 - t**3/6 + 7*t**2/2 + 3*t. Let c(v) = v**3 - 2*v. Let i be c(2). Suppose -i*b - b = 0. Calculate j(b).
7
Let x(r) = r**3 + 8*r**2 + 8*r + 6. Let q be x(-7). Let m be (1*(0 - q))/1. Let i = m - 6. Let s(j) = -2*j - 4. Determine s(i).
6
Let y(d) = 1 + 44*d**2 - 20*d**2 - 23*d**2. Suppose 8*z = 3*z - g - 5, -2*z + 4*g - 24 = 0. Calculate y(z).
5
Let n(z) = -4 + z**3 + 5*z**2 + 122*z + 0 - 123*z. What is n(-4)?
16
Let p(q) = 5 - 3*q**2 + 2*q - 4*q + 3*q**2 + q**3 + 3*q**2. What is p(-4)?
-3
Let a(k) = k**2 + 4*k - 6. Let d be a(-5). Let l(u) = 10*u - 1. Calculate l(d).
-11
Suppose 2*a + a + 3 = 0. Let v(j) = -j**2 - j. Let h be v(a). Let z(s) = s**3 - s**2 + s + 2. What is z(h)?
2
Let s(a) = a - 2*a + 0*a - 7. Let b be s(-6). Let p(k) = -k**2 - 3*k - 1. Determine p(b).
1
Let r be 0*-2*1/4. Let d be (-2 - -14)/(12/8). Let q(v) = -3*v + r*v + 2 - d + v. What is q(-5)?
4
Let q(z) = 0*z**3 - 6*z + 9 + z**3 - 3 + 5*z**2. Let o(a) = 2*a**2 - 36*a + 28. Let f be o(17). What is q(f)?
6
Let r(y) = -y - 1. Let i(w) = -6*w - 11. Let v(x) = -i(x) + 5*r(x). Suppose -s - 20 = 4*s. Give v(s).
2
Let p(q) = -q**2 + 7*q. Let g be p(7). Let d be (g + 1)/(2/(-10)). Let v(f) = -2*f. Determine v(d).
10
Let w(n) = n**3 + 6*n**2 - 6*n + 10. Let d = 2 + -9. Let x be w(d). Let j(v) = -v**2 + v + 4. Determine j(x).
-2
Let j(h) be the third derivative of h**4/8 - h**3/2 + 6*h**2. Let t(f) = f - 3. Let o be t(6). What is j(o)?
6
Let d(a) be the third derivative of -a**6/120 + a**5/12 - a**4/24 - a**3/2 + 21*a**2. Give d(3).
12
Let o(w) = w**2 - 7*w - 3. Let m(n) = -n**2 + 7*n + 2. Let g be (-3 + (-4)/(-4))*-3. Let h(p) = g*o(p) + 7*m(p). Calculate h(3).
8
Let o(i) = i**2 - 12*i + 5. Let x(v) = -v**2 + 13*v - 5. Let c(h) = 6*o(h) + 5*x(h). Determine c(5).
-5
Let b = 10 - 16. Let x be (6/5)/(b/(-20)). Let u(a) = 3*a**2 + 1 + 0 + 3*a**3 - 8*a**3 - x*a**2. Give u(-1).
5
Let y(q) = -16*q - 6 + 52*q - 15*q - 20*q. Calculate y(7).
1
Let w be (-12)/4 + 6/2. Let z(s) be the third derivative of -1/60*s**5 + 5/24*s**4 + 0*s + w + 1/2*s**3 + 2*s**2. What is z(4)?
7
Let o(g) = 4*g**3 + 1. Let h = 1 - 3. Let d be -2 + -2 + (h - -5). What is o(d)?
-3
Suppose -5*k + 6*k = 2. Let g be 15/4 - k/(-8). Let x(b) = -9*b + 5. Let r(q) = 3*q - 2. Let m(s) = -7*r(s) - 2*x(s). What is m(g)?
-8
Let r(i) = i**2 - i + 1. Suppose u + 6 = 2*u. Let b be (-8)/u - 10/15. What is r(b)?
7
Let b(u) = -u**3 + 4*u**2 + u - 3. Let t be b(4). Let x(a) = -8*a + 3. Let m(v) = -1. Let h(w) = t*x(w) + 3*m(w). What is h(1)?
-8
Let o(c) = -c**2 - 3*c + 1. Let s = -10 + 18. Let x be (-4)/6 + (-4)/(-6). Suppose -s = 4*h - x. What is o(h)?
3
Let q be (-2 + 3/2)*(20 + -14). Let w(u) = -2*u**2 - 2*u - 1. Give w(q).
-13
Suppose 0 = 5*k - 2*k. Let i(h) = h + k*h + 15 - 9 - 10. Give i(-5).
-9
Let u(m) be the first derivative of -2 - 1/3*m**3 + m + 1/2*m**2. Let j(g) be the first derivative of u(g). What is j(3)?
-5
Let f(p) = -2*p + 2*p - 3*p. Let u(q) = q**3 - 7*q**2 + 7*q - 7. Let x be (0 + 0 - -2) + 4. Let s be u(x). What is f(s)?
3
Let t(h) be the third derivative of 1/10*h**5 + 0 + 0*h**4 - 1/120*h**6 - 1/3*h**3 + 2*h**2 + 0*h. Give t(6).
-2
Let a(w) be the third derivative of -1/3*w**3 + 0 + 4*w**2 + 1/24*w**4 + 0*w. Give a(-4).
-6
Let f(j) be the second derivative of -j**6/120 - j**5/30 + j**4/8 + j**3/2 + j**2/2 + 2*j. Let o(l) be the first derivative of f(l). Calculate o(-2).
-3
Let d(q) = q**2 - 5*q - 6. Let i(m) = -m**2 - 6*m + 10. Let t be i(-7). Suppose -4*b - 15 = -s, -t*s = -s - 3*b - 25. Let o = 16 - s. Determine d(o).
-6
Let q(z) = 11*z**2 + z. Suppose 67*f = 65*f - 2. Calculate q(f).
10
Let x(d) be the first derivative of 5*d**2/2 - 5*d - 6. Let z(w) = -11*w + 11. Let y = 3 + -6. Let s(a) = y*z(a) - 7*x(a). Determine s(-4).
10
Let a(h) = -30*h + 79*h + 1 - 42*h. Suppose -2*u = 2*u + 8. Calculate a(u).
-13
Suppose -2*v + 5*p + 14 = 0, -5*p - 3 = 7. Let k(n) be the first derivative of -n**v + 7 + n + n - 4. Give k(-2).
6
Suppose -3*l - 33 = -5*j, l - 3*l = -2*j + 18. Let u(q) = q + 2. Determine u(l).
-4
Let y = 11 + -7. Let p(l) = -l - y + 2 + 0. Let x = 0 - -3. What is p(x)?
-5
Let k(l) = -9*l + 0*l**2 + l**3 + 4*l + 1 - 5 + 4*l**2. What is k(-5)?
-4
Let i(a) = a + 1. Suppose 5*p + 8 - 8 = 0. Determine i(p).
1
Let h(x) = 9 + 1 + 6*x - 12. What is h(-2)?
-14
Let g(m) = -7*m**2 - 2*m - 7 + m - 3*m + 8*m**2. Give g(5).
-2
Suppose -3 = 3*c - 4*b, -4*b - 15 = b. Suppose -3 = -5*g + 2*k + 4, -g = -4*k + 13. Let d(s) = 5*s**2